{"id":2596,"date":"2021-07-07T11:13:23","date_gmt":"2021-07-07T09:13:23","guid":{"rendered":"https:\/\/coro-easo.triplevdoble-dev01.com\/abesbatzak\/easo-gazte\/"},"modified":"2022-08-05T17:10:02","modified_gmt":"2022-08-05T15:10:02","slug":"easo-gazte","status":"publish","type":"page","link":"https:\/\/coroeaso.com\/eu\/abesbatzak\/easo-gazte\/","title":{"rendered":"Easo Gazte"},"content":{"rendered":"\n<p><strong>Easo Gazte Abesbatza<\/strong>, Easo Abesbatzaren bosgarren taldea, 2004an sortu zen, eta <strong>13 eta 19 urte bitarteko neske<\/strong>k osatzen dute, abesbatzan dauden bitartean musika prestakuntza prozesu trinkoa osatzen dutenak.<\/p>\n\n\n\n<p>Abesbatzak Gorka Miranda izan du zuzendari hasiera-hasieratik, eta bere aldakortasun gaitasunak mota askotariko errepertorioa lantzea ahalbidetu dio (kamera musika, sinfoniko-korala eta opera). Ondorioz, urte gutxitan hainbat musika eta abesbatza jaialdietan eman ditu kontzertuak.<\/p>\n","protected":false},"excerpt":{"rendered":"<p>Easo Gazte Abesbatza, Easo Abesbatzaren bosgarren taldea, 2004an sortu zen, eta 13 eta 19 urte bitarteko neskek osatzen dute, abesbatzan dauden bitartean musika prestakuntza prozesu trinkoa osatzen dutenak. Abesbatzak Gorka Miranda izan du zuzendari hasiera-hasieratik, eta bere aldakortasun gaitasunak mota askotariko errepertorioa lantzea ahalbidetu dio (kamera musika, sinfoniko-korala eta opera). Ondorioz, urte gutxitan hainbat musika [&hellip;]<\/p>\n","protected":false},"author":1,"featured_media":966,"parent":2479,"menu_order":5,"comment_status":"closed","ping_status":"closed","template":"page-coro.php","meta":{"_acf_changed":false,"footnotes":""},"class_list":["post-2596","page","type-page","status-publish","has-post-thumbnail","hentry"],"acf":[],"yoast_head":"<!-- This site is optimized with the Yoast SEO plugin v26.5 - https:\/\/yoast.com\/wordpress\/plugins\/seo\/ -->\n<title>Easo Gazte - Coro Easo Abesbatza<\/title>\n<meta name=\"robots\" content=\"index, follow, max-snippet:-1, max-image-preview:large, max-video-preview:-1\" \/>\n<link rel=\"canonical\" href=\"https:\/\/coroeaso.com\/eu\/abesbatzak\/easo-gazte\/\" \/>\n<meta property=\"og:locale\" content=\"eu_ES\" \/>\n<meta property=\"og:type\" content=\"article\" \/>\n<meta property=\"og:title\" content=\"Easo Gazte - Coro Easo Abesbatza\" \/>\n<meta property=\"og:description\" content=\"Easo Gazte Abesbatza, Easo Abesbatzaren bosgarren taldea, 2004an sortu zen, eta 13 eta 19 urte bitarteko neskek osatzen dute, abesbatzan dauden bitartean musika prestakuntza prozesu trinkoa osatzen dutenak. Abesbatzak Gorka Miranda izan du zuzendari hasiera-hasieratik, eta bere aldakortasun gaitasunak mota askotariko errepertorioa lantzea ahalbidetu dio (kamera musika, sinfoniko-korala eta opera). Ondorioz, urte gutxitan hainbat musika [&hellip;]\" \/>\n<meta property=\"og:url\" content=\"https:\/\/coroeaso.com\/eu\/abesbatzak\/easo-gazte\/\" \/>\n<meta property=\"og:site_name\" content=\"Coro Easo Abesbatza\" \/>\n<meta property=\"article:publisher\" content=\"https:\/\/www.facebook.com\/coroeaso\/\" \/>\n<meta property=\"article:modified_time\" content=\"2022-08-05T15:10:02+00:00\" \/>\n<meta property=\"og:image\" content=\"https:\/\/coroeaso.com\/wp-content\/uploads\/2022\/04\/coro-easo-gazte--scaled.jpg\" \/>\n\t<meta property=\"og:image:width\" content=\"2560\" \/>\n\t<meta property=\"og:image:height\" content=\"1707\" \/>\n\t<meta property=\"og:image:type\" content=\"image\/jpeg\" \/>\n<meta name=\"twitter:card\" content=\"summary_large_image\" \/>\n<meta name=\"twitter:site\" content=\"@CoroEaso\" \/>\n<script type=\"application\/ld+json\" class=\"yoast-schema-graph\">{\"@context\":\"https:\/\/schema.org\",\"@graph\":[{\"@type\":\"WebPage\",\"@id\":\"https:\/\/coroeaso.com\/eu\/abesbatzak\/easo-gazte\/\",\"url\":\"https:\/\/coroeaso.com\/eu\/abesbatzak\/easo-gazte\/\",\"name\":\"Easo Gazte - Coro Easo Abesbatza\",\"isPartOf\":{\"@id\":\"https:\/\/coroeaso.com\/eu\/#website\"},\"primaryImageOfPage\":{\"@id\":\"https:\/\/coroeaso.com\/eu\/abesbatzak\/easo-gazte\/#primaryimage\"},\"image\":{\"@id\":\"https:\/\/coroeaso.com\/eu\/abesbatzak\/easo-gazte\/#primaryimage\"},\"thumbnailUrl\":\"https:\/\/coroeaso.com\/wp-content\/uploads\/2022\/04\/coro-easo-gazte--scaled.jpg\",\"datePublished\":\"2021-07-07T09:13:23+00:00\",\"dateModified\":\"2022-08-05T15:10:02+00:00\",\"breadcrumb\":{\"@id\":\"https:\/\/coroeaso.com\/eu\/abesbatzak\/easo-gazte\/#breadcrumb\"},\"inLanguage\":\"eu-ES\",\"potentialAction\":[{\"@type\":\"ReadAction\",\"target\":[\"https:\/\/coroeaso.com\/eu\/abesbatzak\/easo-gazte\/\"]}]},{\"@type\":\"ImageObject\",\"inLanguage\":\"eu-ES\",\"@id\":\"https:\/\/coroeaso.com\/eu\/abesbatzak\/easo-gazte\/#primaryimage\",\"url\":\"https:\/\/coroeaso.com\/wp-content\/uploads\/2022\/04\/coro-easo-gazte--scaled.jpg\",\"contentUrl\":\"https:\/\/coroeaso.com\/wp-content\/uploads\/2022\/04\/coro-easo-gazte--scaled.jpg\",\"width\":2560,\"height\":1707},{\"@type\":\"BreadcrumbList\",\"@id\":\"https:\/\/coroeaso.com\/eu\/abesbatzak\/easo-gazte\/#breadcrumb\",\"itemListElement\":[{\"@type\":\"ListItem\",\"position\":1,\"name\":\"Portada\",\"item\":\"https:\/\/coroeaso.com\/eu\/\"},{\"@type\":\"ListItem\",\"position\":2,\"name\":\"Gure Abesbatzak eta Sinfonietta\",\"item\":\"https:\/\/coroeaso.com\/eu\/abesbatzak\/\"},{\"@type\":\"ListItem\",\"position\":3,\"name\":\"Easo Gazte\"}]},{\"@type\":\"WebSite\",\"@id\":\"https:\/\/coroeaso.com\/eu\/#website\",\"url\":\"https:\/\/coroeaso.com\/eu\/\",\"name\":\"Coro Easo Abesbatza\",\"description\":\"La Asociaci\u00f3n Coro Easo es una entidad cuya finalidad principal es la creaci\u00f3n, el impulso y formaci\u00f3n de coros amateurs con una aspiraci\u00f3n de calidad cercana a la de los grandes coros profesionales, de manera que puedan participar en festivales y conciertos de mayor nivel y exigencia.\",\"publisher\":{\"@id\":\"https:\/\/coroeaso.com\/eu\/#organization\"},\"potentialAction\":[{\"@type\":\"SearchAction\",\"target\":{\"@type\":\"EntryPoint\",\"urlTemplate\":\"https:\/\/coroeaso.com\/eu\/?s={search_term_string}\"},\"query-input\":{\"@type\":\"PropertyValueSpecification\",\"valueRequired\":true,\"valueName\":\"search_term_string\"}}],\"inLanguage\":\"eu-ES\"},{\"@type\":\"Organization\",\"@id\":\"https:\/\/coroeaso.com\/eu\/#organization\",\"name\":\"Coro Easo\",\"url\":\"https:\/\/coroeaso.com\/eu\/\",\"logo\":{\"@type\":\"ImageObject\",\"inLanguage\":\"eu-ES\",\"@id\":\"https:\/\/coroeaso.com\/eu\/#\/schema\/logo\/image\/\",\"url\":\"https:\/\/coro-easo.triplevdoble-dev01.com\/wp-content\/uploads\/2021\/12\/logo-coro-easo.png\",\"contentUrl\":\"https:\/\/coro-easo.triplevdoble-dev01.com\/wp-content\/uploads\/2021\/12\/logo-coro-easo.png\",\"width\":1181,\"height\":352,\"caption\":\"Coro Easo\"},\"image\":{\"@id\":\"https:\/\/coroeaso.com\/eu\/#\/schema\/logo\/image\/\"},\"sameAs\":[\"https:\/\/www.facebook.com\/coroeaso\/\",\"https:\/\/x.com\/CoroEaso\",\"https:\/\/www.instagram.com\/coroeaso\/\",\"https:\/\/www.youtube.com\/channel\/UCPzsfSUbmO8ilswrFa7P1qw\"]}]}<\/script>\n<!-- \/ Yoast SEO plugin. -->","yoast_head_json":{"title":"Easo Gazte - Coro Easo Abesbatza","robots":{"index":"index","follow":"follow","max-snippet":"max-snippet:-1","max-image-preview":"max-image-preview:large","max-video-preview":"max-video-preview:-1"},"canonical":"https:\/\/coroeaso.com\/eu\/abesbatzak\/easo-gazte\/","og_locale":"eu_ES","og_type":"article","og_title":"Easo Gazte - Coro Easo Abesbatza","og_description":"Easo Gazte Abesbatza, Easo Abesbatzaren bosgarren taldea, 2004an sortu zen, eta 13 eta 19 urte bitarteko neskek osatzen dute, abesbatzan dauden bitartean musika prestakuntza prozesu trinkoa osatzen dutenak. Abesbatzak Gorka Miranda izan du zuzendari hasiera-hasieratik, eta bere aldakortasun gaitasunak mota askotariko errepertorioa lantzea ahalbidetu dio (kamera musika, sinfoniko-korala eta opera). Ondorioz, urte gutxitan hainbat musika [&hellip;]","og_url":"https:\/\/coroeaso.com\/eu\/abesbatzak\/easo-gazte\/","og_site_name":"Coro Easo Abesbatza","article_publisher":"https:\/\/www.facebook.com\/coroeaso\/","article_modified_time":"2022-08-05T15:10:02+00:00","og_image":[{"width":2560,"height":1707,"url":"https:\/\/coroeaso.com\/wp-content\/uploads\/2022\/04\/coro-easo-gazte--scaled.jpg","type":"image\/jpeg"}],"twitter_card":"summary_large_image","twitter_site":"@CoroEaso","schema":{"@context":"https:\/\/schema.org","@graph":[{"@type":"WebPage","@id":"https:\/\/coroeaso.com\/eu\/abesbatzak\/easo-gazte\/","url":"https:\/\/coroeaso.com\/eu\/abesbatzak\/easo-gazte\/","name":"Easo Gazte - Coro Easo Abesbatza","isPartOf":{"@id":"https:\/\/coroeaso.com\/eu\/#website"},"primaryImageOfPage":{"@id":"https:\/\/coroeaso.com\/eu\/abesbatzak\/easo-gazte\/#primaryimage"},"image":{"@id":"https:\/\/coroeaso.com\/eu\/abesbatzak\/easo-gazte\/#primaryimage"},"thumbnailUrl":"https:\/\/coroeaso.com\/wp-content\/uploads\/2022\/04\/coro-easo-gazte--scaled.jpg","datePublished":"2021-07-07T09:13:23+00:00","dateModified":"2022-08-05T15:10:02+00:00","breadcrumb":{"@id":"https:\/\/coroeaso.com\/eu\/abesbatzak\/easo-gazte\/#breadcrumb"},"inLanguage":"eu-ES","potentialAction":[{"@type":"ReadAction","target":["https:\/\/coroeaso.com\/eu\/abesbatzak\/easo-gazte\/"]}]},{"@type":"ImageObject","inLanguage":"eu-ES","@id":"https:\/\/coroeaso.com\/eu\/abesbatzak\/easo-gazte\/#primaryimage","url":"https:\/\/coroeaso.com\/wp-content\/uploads\/2022\/04\/coro-easo-gazte--scaled.jpg","contentUrl":"https:\/\/coroeaso.com\/wp-content\/uploads\/2022\/04\/coro-easo-gazte--scaled.jpg","width":2560,"height":1707},{"@type":"BreadcrumbList","@id":"https:\/\/coroeaso.com\/eu\/abesbatzak\/easo-gazte\/#breadcrumb","itemListElement":[{"@type":"ListItem","position":1,"name":"Portada","item":"https:\/\/coroeaso.com\/eu\/"},{"@type":"ListItem","position":2,"name":"Gure Abesbatzak eta Sinfonietta","item":"https:\/\/coroeaso.com\/eu\/abesbatzak\/"},{"@type":"ListItem","position":3,"name":"Easo Gazte"}]},{"@type":"WebSite","@id":"https:\/\/coroeaso.com\/eu\/#website","url":"https:\/\/coroeaso.com\/eu\/","name":"Coro Easo Abesbatza","description":"La Asociaci\u00f3n Coro Easo es una entidad cuya finalidad principal es la creaci\u00f3n, el impulso y formaci\u00f3n de coros amateurs con una aspiraci\u00f3n de calidad cercana a la de los grandes coros profesionales, de manera que puedan participar en festivales y conciertos de mayor nivel y exigencia.","publisher":{"@id":"https:\/\/coroeaso.com\/eu\/#organization"},"potentialAction":[{"@type":"SearchAction","target":{"@type":"EntryPoint","urlTemplate":"https:\/\/coroeaso.com\/eu\/?s={search_term_string}"},"query-input":{"@type":"PropertyValueSpecification","valueRequired":true,"valueName":"search_term_string"}}],"inLanguage":"eu-ES"},{"@type":"Organization","@id":"https:\/\/coroeaso.com\/eu\/#organization","name":"Coro Easo","url":"https:\/\/coroeaso.com\/eu\/","logo":{"@type":"ImageObject","inLanguage":"eu-ES","@id":"https:\/\/coroeaso.com\/eu\/#\/schema\/logo\/image\/","url":"https:\/\/coro-easo.triplevdoble-dev01.com\/wp-content\/uploads\/2021\/12\/logo-coro-easo.png","contentUrl":"https:\/\/coro-easo.triplevdoble-dev01.com\/wp-content\/uploads\/2021\/12\/logo-coro-easo.png","width":1181,"height":352,"caption":"Coro Easo"},"image":{"@id":"https:\/\/coroeaso.com\/eu\/#\/schema\/logo\/image\/"},"sameAs":["https:\/\/www.facebook.com\/coroeaso\/","https:\/\/x.com\/CoroEaso","https:\/\/www.instagram.com\/coroeaso\/","https:\/\/www.youtube.com\/channel\/UCPzsfSUbmO8ilswrFa7P1qw"]}]}},"_links":{"self":[{"href":"https:\/\/coroeaso.com\/eu\/wp-json\/wp\/v2\/pages\/2596","targetHints":{"allow":["GET"]}}],"collection":[{"href":"https:\/\/coroeaso.com\/eu\/wp-json\/wp\/v2\/pages"}],"about":[{"href":"https:\/\/coroeaso.com\/eu\/wp-json\/wp\/v2\/types\/page"}],"author":[{"embeddable":true,"href":"https:\/\/coroeaso.com\/eu\/wp-json\/wp\/v2\/users\/1"}],"replies":[{"embeddable":true,"href":"https:\/\/coroeaso.com\/eu\/wp-json\/wp\/v2\/comments?post=2596"}],"version-history":[{"count":2,"href":"https:\/\/coroeaso.com\/eu\/wp-json\/wp\/v2\/pages\/2596\/revisions"}],"predecessor-version":[{"id":2598,"href":"https:\/\/coroeaso.com\/eu\/wp-json\/wp\/v2\/pages\/2596\/revisions\/2598"}],"up":[{"embeddable":true,"href":"https:\/\/coroeaso.com\/eu\/wp-json\/wp\/v2\/pages\/2479"}],"wp:featuredmedia":[{"embeddable":true,"href":"https:\/\/coroeaso.com\/eu\/wp-json\/wp\/v2\/media\/966"}],"wp:attachment":[{"href":"https:\/\/coroeaso.com\/eu\/wp-json\/wp\/v2\/media?parent=2596"}],"curies":[{"name":"wp","href":"https:\/\/api.w.org\/{rel}","templated":true}]}}

<!-- This site is optimized with the Yoast SEO plugin v26.5 - https://yoast.com/wordpress/plugins/seo/ -->
<title>Easo Gazte - Coro Easo Abesbatza</title>
<meta name="robots" content="index, follow, max-snippet:-1, max-image-preview:large, max-video-preview:-1" />
<link rel="canonical" href="https://coroeaso.com/eu/abesbatzak/easo-gazte/" />
<meta property="og:locale" content="eu_ES" />
<meta property="og:type" content="article" />
<meta property="og:title" content="Easo Gazte - Coro Easo Abesbatza" />
<meta property="og:description" content="Easo Gazte Abesbatza, Easo Abesbatzaren bosgarren taldea, 2004an sortu zen, eta 13 eta 19 urte bitarteko neskek osatzen dute, abesbatzan dauden bitartean musika prestakuntza prozesu trinkoa osatzen dutenak. Abesbatzak Gorka Miranda izan du zuzendari hasiera-hasieratik, eta bere aldakortasun gaitasunak mota askotariko errepertorioa lantzea ahalbidetu dio (kamera musika, sinfoniko-korala eta opera). Ondorioz, urte gutxitan hainbat musika [&hellip;]" />
<meta property="og:url" content="https://coroeaso.com/eu/abesbatzak/easo-gazte/" />
<meta property="og:site_name" content="Coro Easo Abesbatza" />
<meta property="article:publisher" content="https://www.facebook.com/coroeaso/" />
<meta property="article:modified_time" content="2022-08-05T15:10:02+00:00" />
<meta property="og:image" content="https://coroeaso.com/wp-content/uploads/2022/04/coro-easo-gazte--scaled.jpg" />
	<meta property="og:image:width" content="2560" />
	<meta property="og:image:height" content="1707" />
	<meta property="og:image:type" content="image/jpeg" />
<meta name="twitter:card" content="summary_large_image" />
<meta name="twitter:site" content="@CoroEaso" />
<script type="application/ld+json" class="yoast-schema-graph">{"@context":"https://schema.org","@graph":[{"@type":"WebPage","@id":"https://coroeaso.com/eu/abesbatzak/easo-gazte/","url":"https://coroeaso.com/eu/abesbatzak/easo-gazte/","name":"Easo Gazte - Coro Easo Abesbatza","isPartOf":{"@id":"https://coroeaso.com/eu/#website"},"primaryImageOfPage":{"@id":"https://coroeaso.com/eu/abesbatzak/easo-gazte/#primaryimage"},"image":{"@id":"https://coroeaso.com/eu/abesbatzak/easo-gazte/#primaryimage"},"thumbnailUrl":"https://coroeaso.com/wp-content/uploads/2022/04/coro-easo-gazte--scaled.jpg","datePublished":"2021-07-07T09:13:23+00:00","dateModified":"2022-08-05T15:10:02+00:00","breadcrumb":{"@id":"https://coroeaso.com/eu/abesbatzak/easo-gazte/#breadcrumb"},"inLanguage":"eu-ES","potentialAction":[{"@type":"ReadAction","target":["https://coroeaso.com/eu/abesbatzak/easo-gazte/"]}]},{"@type":"ImageObject","inLanguage":"eu-ES","@id":"https://coroeaso.com/eu/abesbatzak/easo-gazte/#primaryimage","url":"https://coroeaso.com/wp-content/uploads/2022/04/coro-easo-gazte--scaled.jpg","contentUrl":"https://coroeaso.com/wp-content/uploads/2022/04/coro-easo-gazte--scaled.jpg","width":2560,"height":1707},{"@type":"BreadcrumbList","@id":"https://coroeaso.com/eu/abesbatzak/easo-gazte/#breadcrumb","itemListElement":[{"@type":"ListItem","position":1,"name":"Portada","item":"https://coroeaso.com/eu/"},{"@type":"ListItem","position":2,"name":"Gure Abesbatzak eta Sinfonietta","item":"https://coroeaso.com/eu/abesbatzak/"},{"@type":"ListItem","position":3,"name":"Easo Gazte"}]},{"@type":"WebSite","@id":"https://coroeaso.com/eu/#website","url":"https://coroeaso.com/eu/","name":"Coro Easo Abesbatza","description":"La Asociación Coro Easo es una entidad cuya finalidad principal es la creación, el impulso y formación de coros amateurs con una aspiración de calidad cercana a la de los grandes coros profesionales, de manera que puedan participar en festivales y conciertos de mayor nivel y exigencia.","publisher":{"@id":"https://coroeaso.com/eu/#organization"},"potentialAction":[{"@type":"SearchAction","target":{"@type":"EntryPoint","urlTemplate":"https://coroeaso.com/eu/?s={search_term_string}"},"query-input":{"@type":"PropertyValueSpecification","valueRequired":true,"valueName":"search_term_string"}}],"inLanguage":"eu-ES"},{"@type":"Organization","@id":"https://coroeaso.com/eu/#organization","name":"Coro Easo","url":"https://coroeaso.com/eu/","logo":{"@type":"ImageObject","inLanguage":"eu-ES","@id":"https://coroeaso.com/eu/#/schema/logo/image/","url":"https://coro-easo.triplevdoble-dev01.com/wp-content/uploads/2021/12/logo-coro-easo.png","contentUrl":"https://coro-easo.triplevdoble-dev01.com/wp-content/uploads/2021/12/logo-coro-easo.png","width":1181,"height":352,"caption":"Coro Easo"},"image":{"@id":"https://coroeaso.com/eu/#/schema/logo/image/"},"sameAs":["https://www.facebook.com/coroeaso/","https://x.com/CoroEaso","https://www.instagram.com/coroeaso/","https://www.youtube.com/channel/UCPzsfSUbmO8ilswrFa7P1qw"]}]}</script>
<!-- / Yoast SEO plugin. -->

La Asociación Coro Easo es una entidad cuya finalidad principal es la creación, el impulso y formación de coros amateurs con una aspiración de calidad cercana a la de los grandes coros profesionales, de manera que puedan participar en festivales y conciertos de mayor nivel y exigencia.
